[INFO] cloning repository https://github.com/laaxus/td_rs
[INFO] running `Command { std: "git" "-c" "credential.helper=" "-c" "credential.helper=/workspace/cargo-home/bin/git-credential-null" "clone" "--bare" "https://github.com/laaxus/td_rs" "/workspace/cache/git-repos/https%3A%2F%2Fgithub.com%2Flaaxus%2Ftd_rs", kill_on_drop: false }`
[INFO] [stderr] Cloning into bare repository '/workspace/cache/git-repos/https%3A%2F%2Fgithub.com%2Flaaxus%2Ftd_rs'...
[INFO] running `Command { std: "git" "rev-parse" "HEAD", kill_on_drop: false }`
[INFO] [stdout] c278a4b2809314ad34ef6bedcb90ee5e642659d1
[INFO] building laaxus/td_rs against master#881c1ac408d93bb7adaa3a51dabab9266e82eee8 for issue-85264
[INFO] running `Command { std: "git" "clone" "/workspace/cache/git-repos/https%3A%2F%2Fgithub.com%2Flaaxus%2Ftd_rs" "/workspace/builds/worker-10/source", kill_on_drop: false }`
[INFO] [stderr] Cloning into '/workspace/builds/worker-10/source'...
[INFO] [stderr] done.
[INFO] validating manifest of git repo https://github.com/laaxus/td_rs on toolchain 881c1ac408d93bb7adaa3a51dabab9266e82eee8
[INFO] running `Command { std: "/workspace/cargo-home/bin/cargo" "+881c1ac408d93bb7adaa3a51dabab9266e82eee8" "metadata" "--manifest-path" "Cargo.toml" "--no-deps", kill_on_drop: false }`
[INFO] started tweaking git repo https://github.com/laaxus/td_rs
[INFO] finished tweaking git repo https://github.com/laaxus/td_rs
[INFO] tweaked toml for git repo https://github.com/laaxus/td_rs written to /workspace/builds/worker-10/source/Cargo.toml
[INFO] crate git repo https://github.com/laaxus/td_rs already has a lockfile, it will not be regenerated
[INFO] running `Command { std: "/workspace/cargo-home/bin/cargo" "+881c1ac408d93bb7adaa3a51dabab9266e82eee8" "fetch" "--manifest-path" "Cargo.toml", kill_on_drop: false }`
[INFO] [stderr]  Downloading crates ...
[INFO] [stderr]   Downloaded gleam v0.6.19
[INFO] [stderr]   Downloaded gfx_core v0.9.2
[INFO] [stderr]   Downloaded directories v2.0.2
[INFO] [stderr]   Downloaded gfx_window_glutin v0.30.0
[INFO] [stderr]   Downloaded cgl v0.2.3
[INFO] [stderr]   Downloaded glutin_glx_sys v0.1.6
[INFO] [stderr]   Downloaded gfx_device_gl v0.16.2
[INFO] [stderr]   Downloaded glutin_gles2_sys v0.1.4
[INFO] [stderr]   Downloaded rusty-xinput v1.2.0
[INFO] [stderr]   Downloaded gilrs-core v0.2.6
[INFO] [stderr]   Downloaded gfx_gl v0.6.1
[INFO] [stderr]   Downloaded cargo_metadata v0.6.4
[INFO] [stderr]   Downloaded bytecount v0.4.0
[INFO] [stderr]   Downloaded coreaudio-sys v0.2.5
[INFO] [stderr]   Downloaded lyon v0.13.5
[INFO] [stderr]   Downloaded glutin_wgl_sys v0.1.4
[INFO] [stderr]   Downloaded glyph_brush v0.5.4
[INFO] [stderr]   Downloaded libudev-sys v0.1.4
[INFO] [stderr]   Downloaded glutin v0.20.1
[INFO] [stderr]   Downloaded base-x v0.2.6
[INFO] [stderr]   Downloaded gilrs v0.7.4
[INFO] [stderr]   Downloaded lyon_tessellation v0.13.5
[INFO] [stderr]   Downloaded euclid_macros v0.1.0
[INFO] [stderr]   Downloaded lewton v0.9.4
[INFO] [stderr]   Downloaded ggez v0.5.1
[INFO] [stderr]   Downloaded cc v1.0.55
[INFO] [stderr]   Downloaded smart-default v0.5.2
[INFO] [stderr]   Downloaded pulldown-cmark v0.2.0
[INFO] [stderr]   Downloaded rodio v0.9.0
[INFO] [stderr]   Downloaded queues v1.1.0
[INFO] [stderr]   Downloaded skeptic v0.13.4
[INFO] [stderr]   Downloaded podio v0.1.7
[INFO] [stderr]   Downloaded zip v0.5.6
[INFO] [stderr]   Downloaded libmath v0.2.1
[INFO] [stderr]   Downloaded nalgebra v0.18.1
[INFO] [stderr]   Downloaded xi-unicode v0.2.1
[INFO] [stderr]   Downloaded ron v0.6.0
[INFO] [stderr]   Downloaded glutin_egl_sys v0.1.4
[INFO] [stderr]   Downloaded lyon_algorithms v0.13.4
[INFO] [stderr]   Downloaded euclid v0.19.9
[INFO] [stderr]   Downloaded gfx v0.18.2
[INFO] [stderr]   Downloaded lyon_geom v0.12.7
[INFO] [stderr]   Downloaded lyon_path v0.13.2
[INFO] [stderr]   Downloaded io-kit-sys v0.1.0
[INFO] running `Command { std: "docker" "create" "-v" "/var/lib/crater-agent-workspace/builds/worker-10/target:/opt/rustwide/target:rw,Z" "-v" "/var/lib/crater-agent-workspace/builds/worker-10/source:/opt/rustwide/workdir:ro,Z" "-v" "/var/lib/crater-agent-workspace/cargo-home:/opt/rustwide/cargo-home:ro,Z" "-v" "/var/lib/crater-agent-workspace/rustup-home:/opt/rustwide/rustup-home:ro,Z" "-e" "SOURCE_DIR=/opt/rustwide/workdir" "-e" "CARGO_TARGET_DIR=/opt/rustwide/target" "-e" "CARGO_HOME=/opt/rustwide/cargo-home" "-e" "RUSTUP_HOME=/opt/rustwide/rustup-home" "-w" "/opt/rustwide/workdir" "-m" "1610612736" "--user" "0:0" "--network" "none" "ghcr.io/rust-lang/crates-build-env/linux@sha256:20528e8c29e4536546f0102ce88568b16ea7538393a33fcca951030f7af10457" "/opt/rustwide/cargo-home/bin/cargo" "+881c1ac408d93bb7adaa3a51dabab9266e82eee8" "metadata" "--no-deps" "--format-version=1", kill_on_drop: false }`
[INFO] [stderr] WARNING: Your kernel does not support swap limit capabilities or the cgroup is not mounted. Memory limited without swap.
[INFO] [stdout] 22f4f40cf79bade4b293d47f5cccf0fd1d93746591a6022c33d1e6353f75110a
[INFO] running `Command { std: "docker" "start" "-a" "22f4f40cf79bade4b293d47f5cccf0fd1d93746591a6022c33d1e6353f75110a", kill_on_drop: false }`
[INFO] running `Command { std: "docker" "inspect" "22f4f40cf79bade4b293d47f5cccf0fd1d93746591a6022c33d1e6353f75110a", kill_on_drop: false }`
[INFO] running `Command { std: "docker" "rm" "-f" "22f4f40cf79bade4b293d47f5cccf0fd1d93746591a6022c33d1e6353f75110a", kill_on_drop: false }`
[INFO] [stdout] 22f4f40cf79bade4b293d47f5cccf0fd1d93746591a6022c33d1e6353f75110a
[INFO] running `Command { std: "docker" "create" "-v" "/var/lib/crater-agent-workspace/builds/worker-10/target:/opt/rustwide/target:rw,Z" "-v" "/var/lib/crater-agent-workspace/builds/worker-10/source:/opt/rustwide/workdir:ro,Z" "-v" "/var/lib/crater-agent-workspace/cargo-home:/opt/rustwide/cargo-home:ro,Z" "-v" "/var/lib/crater-agent-workspace/rustup-home:/opt/rustwide/rustup-home:ro,Z" "-e" "SOURCE_DIR=/opt/rustwide/workdir" "-e" "CARGO_TARGET_DIR=/opt/rustwide/target" "-e" "CARGO_INCREMENTAL=0" "-e" "RUST_BACKTRACE=full" "-e" "RUSTFLAGS=--cap-lints=forbid" "-e" "CARGO_HOME=/opt/rustwide/cargo-home" "-e" "RUSTUP_HOME=/opt/rustwide/rustup-home" "-w" "/opt/rustwide/workdir" "-m" "1610612736" "--user" "0:0" "--network" "none" "ghcr.io/rust-lang/crates-build-env/linux@sha256:20528e8c29e4536546f0102ce88568b16ea7538393a33fcca951030f7af10457" "/opt/rustwide/cargo-home/bin/cargo" "+881c1ac408d93bb7adaa3a51dabab9266e82eee8" "build" "--frozen" "--message-format=json", kill_on_drop: false }`
[INFO] [stderr] WARNING: Your kernel does not support swap limit capabilities or the cgroup is not mounted. Memory limited without swap.
[INFO] [stdout] 8467d65e594f9c387b110aea38e0d004203714bd07308788893fe1ed718c4686
[INFO] running `Command { std: "docker" "start" "-a" "8467d65e594f9c387b110aea38e0d004203714bd07308788893fe1ed718c4686", kill_on_drop: false }`
[INFO] [stderr]    Compiling proc-macro2 v1.0.18
[INFO] [stderr]    Compiling unicode-xid v0.2.1
[INFO] [stderr]    Compiling syn v1.0.33
[INFO] [stderr]    Compiling serde_derive v1.0.114
[INFO] [stderr]    Compiling unicode-xid v0.1.0
[INFO] [stderr]    Compiling serde v1.0.114
[INFO] [stderr]    Compiling pkg-config v0.3.17
[INFO] [stderr]    Compiling cc v1.0.55
[INFO] [stderr]    Compiling scopeguard v1.1.0
[INFO] [stderr]    Compiling rand_core v0.4.2
[INFO] [stderr]    Compiling adler32 v1.1.0
[INFO] [stderr]    Compiling same-file v1.0.6
[INFO] [stderr]    Compiling arrayvec v0.4.12
[INFO] [stderr]    Compiling gimli v0.21.0
[INFO] [stderr]    Compiling serde_json v1.0.55
[INFO] [stderr]    Compiling object v0.20.0
[INFO] [stderr]    Compiling xdg v2.2.0
[INFO] [stderr]    Compiling itoa v0.4.6
[INFO] [stderr]    Compiling remove_dir_all v0.5.3
[INFO] [stderr]    Compiling num-derive v0.2.5
[INFO] [stderr]    Compiling nix v0.15.0
[INFO] [stderr]    Compiling glob v0.2.11
[INFO] [stderr]    Compiling lzw v0.10.0
[INFO] [stderr]    Compiling percent-encoding v2.1.0
[INFO] [stderr]    Compiling podio v0.1.7
[INFO] [stderr]    Compiling claxon v0.4.2
[INFO] [stderr]    Compiling hound v3.4.0
[INFO] [stderr]    Compiling fnv v1.0.7
[INFO] [stderr]    Compiling queues v1.1.0
[INFO] [stderr]    Compiling num-traits v0.2.12
[INFO] [stderr]    Compiling num-integer v0.1.43
[INFO] [stderr]    Compiling num-complex v0.2.4
[INFO] [stderr]    Compiling num-rational v0.2.4
[INFO] [stderr]    Compiling num-iter v0.1.41
[INFO] [stderr]    Compiling rand v0.6.5
[INFO] [stderr]    Compiling error-chain v0.12.2
[INFO] [stderr]    Compiling lock_api v0.3.4
[INFO] [stderr]    Compiling miniz_oxide v0.3.7
[INFO] [stderr]    Compiling inflate v0.4.5
[INFO] [stderr]    Compiling walkdir v2.3.1
[INFO] [stderr]    Compiling rand_core v0.3.1
[INFO] [stderr]    Compiling rand_jitter v0.1.4
[INFO] [stderr]    Compiling gif v0.10.3
[INFO] [stderr]    Compiling proc-macro2 v0.4.30
[INFO] [stderr]    Compiling log v0.4.8
[INFO] [stderr]    Compiling crc32fast v1.2.0
[INFO] [stderr]    Compiling rand_isaac v0.1.1
[INFO] [stderr]    Compiling rand_hc v0.1.0
[INFO] [stderr]    Compiling rand_xorshift v0.1.1
[INFO] [stderr]    Compiling getrandom v0.1.14
[INFO] [stderr]    Compiling rand_os v0.1.3
[INFO] [stderr]    Compiling shared_library v0.1.9
[INFO] [stderr]    Compiling nix v0.14.1
[INFO] [stderr]    Compiling draw_state v0.8.0
[INFO] [stderr]    Compiling pulldown-cmark v0.2.0
[INFO] [stderr]    Compiling smallvec v0.6.13
[INFO] [stderr]    Compiling crossbeam-utils v0.7.2
[INFO] [stderr]    Compiling x11-dl v2.18.5
[INFO] [stderr]    Compiling alsa-sys v0.1.2
[INFO] [stderr]    Compiling libudev-sys v0.1.4
[INFO] [stderr]    Compiling stb_truetype v0.3.1
[INFO] [stderr]    Compiling ogg v0.7.0
[INFO] [stderr]    Compiling deflate v0.7.20
[INFO] [stderr]    Compiling jpeg-decoder v0.1.19
[INFO] [stderr]    Compiling rand_chacha v0.1.1
[INFO] [stderr]    Compiling rand_pcg v0.1.2
[INFO] [stderr]    Compiling generic-array v0.12.3
[INFO] [stderr]    Compiling gl_generator v0.13.1
[INFO] [stderr]    Compiling gl_generator v0.14.0
[INFO] [stderr]    Compiling tempdir v0.3.7
[INFO] [stderr]    Compiling rand v0.3.23
[INFO] [stderr]    Compiling directories v2.0.2
[INFO] [stderr]    Compiling osmesa-sys v0.1.2
[INFO] [stderr]    Compiling rand_core v0.5.1
[INFO] [stderr]    Compiling quote v0.6.13
[INFO] [stderr]    Compiling gfx_core v0.9.2
[INFO] [stderr]    Compiling crossbeam-epoch v0.8.2
[INFO] [stderr]    Compiling bzip2-sys v0.1.9+1.0.8
[INFO] [stderr]    Compiling libloading v0.5.2
[INFO] [stderr]    Compiling minimp3-sys v0.3.2
[INFO] [stderr]    Compiling wayland-sys v0.21.13
[INFO] [stderr]    Compiling lewton v0.9.4
[INFO] [stderr]    Compiling libmath v0.2.1
[INFO] [stderr]    Compiling png v0.15.3
[INFO] [stderr]    Compiling rand_chacha v0.2.2
[INFO] [stderr]    Compiling syn v0.15.44
[INFO] [stderr]    Compiling wayland-scanner v0.21.13
[INFO] [stderr]    Compiling quote v1.0.7
[INFO] [stderr]    Compiling addr2line v0.12.2
[INFO] [stderr]    Compiling crossbeam-deque v0.7.3
[INFO] [stderr]    Compiling approx v0.3.2
[INFO] [stderr]    Compiling ordered-float v1.0.2
[INFO] [stderr]    Compiling line_drawing v0.7.0
[INFO] [stderr]    Compiling num-traits v0.1.43
[INFO] [stderr]    Compiling cpal v0.8.2
[INFO] [stderr]    Compiling rand v0.7.3
[INFO] [stderr]    Compiling backtrace v0.3.49
[INFO] [stderr]    Compiling glutin_glx_sys v0.1.6
[INFO] [stderr]    Compiling glutin_egl_sys v0.1.4
[INFO] [stderr]    Compiling gfx_gl v0.6.1
[INFO] [stderr]    Compiling gfx v0.18.2
[INFO] [stderr]    Compiling rusttype v0.8.3
[INFO] [stderr]    Compiling sid v0.5.2
[INFO] [stderr]    Compiling wayland-commons v0.21.13
[INFO] [stderr]    Compiling minimp3 v0.3.5
[INFO] [stderr]    Compiling bzip2 v0.3.3
[INFO] [stderr]    Compiling rusttype v0.7.9
[INFO] [stderr]    Compiling glyph_brush_layout v0.1.9
[INFO] [stderr]    Compiling gilrs-core v0.2.6
[INFO] [stderr]    Compiling twox-hash v1.5.0
[INFO] [stderr]    Compiling wayland-client v0.21.13
[INFO] [stderr]    Compiling wayland-protocols v0.21.13
[INFO] [stderr]    Compiling andrew v0.2.1
[INFO] [stderr]    Compiling zip v0.5.6
[INFO] [stderr]    Compiling glyph_brush v0.6.3
[INFO] [stderr]    Compiling gilrs v0.7.4
[INFO] [stderr]    Compiling glyph_brush v0.5.4
[INFO] [stderr]    Compiling euclid_macros v0.1.0
[INFO] [stderr]    Compiling smart-default v0.5.2
[INFO] [stderr]    Compiling euclid v0.19.9
[INFO] [stderr]    Compiling gfx_device_gl v0.16.2
[INFO] [stderr]    Compiling tiff v0.3.1
[INFO] [stderr]    Compiling lyon_geom v0.12.7
[INFO] [stderr]    Compiling image v0.22.5
[INFO] [stderr]    Compiling lyon_path v0.13.2
[INFO] [stderr]    Compiling lyon_tessellation v0.13.5
[INFO] [stderr]    Compiling lyon_algorithms v0.13.4
[INFO] [stderr]    Compiling lyon v0.13.5
[INFO] [stderr]    Compiling smithay-client-toolkit v0.4.6
[INFO] [stderr]    Compiling semver v0.9.0
[INFO] [stderr]    Compiling toml v0.5.6
[INFO] [stderr]    Compiling ron v0.6.0
[INFO] [stderr]    Compiling rustc_version v0.2.3
[INFO] [stderr]    Compiling alga v0.9.3
[INFO] [stderr]    Compiling parking_lot_core v0.6.2
[INFO] [stderr]    Compiling parking_lot v0.9.0
[INFO] [stderr]    Compiling cargo_metadata v0.6.4
[INFO] [stderr]    Compiling nalgebra v0.18.1
[INFO] [stderr]    Compiling winit v0.19.5
[INFO] [stderr]    Compiling skeptic v0.13.4
[INFO] [stderr]    Compiling ggez v0.5.1
[INFO] [stderr]    Compiling glutin v0.20.1
[INFO] [stderr]    Compiling gfx_window_glutin v0.30.0
[INFO] [stderr]    Compiling rodio v0.9.0
[INFO] [stderr]    Compiling td_rs v0.1.0 (/opt/rustwide/workdir)
[INFO] [stdout] error[E0583]: file not found for module `towers`
[INFO] [stdout]   --> src/main.rs:18:1
[INFO] [stdout]    |
[INFO] [stdout] 18 | mod towers;
[INFO] [stdout]    | ^^^^^^^^^^^
[INFO] [stdout]    |
[INFO] [stdout]    = help: to create the module `towers`, create file "src/towers.rs" or "src/towers/mod.rs"
[INFO] [stdout] 
[INFO] [stdout] 
[INFO] [stdout] error[E0433]: failed to resolve: could not find `TowerType` in `towers`
[INFO] [stdout]   --> src/main.rs:95:20
[INFO] [stdout]    |
[INFO] [stdout] 95 |            towers::TowerType::Cannon => &mut self.tower_cannon,
[INFO] [stdout]    |                    ^^^^^^^^^ could not find `TowerType` in `towers`
[INFO] [stdout] 
[INFO] [stdout] 
[INFO] [stdout] error[E0433]: failed to resolve: could not find `Tower` in `towers`
[INFO] [stdout]    --> src/main.rs:415:23
[INFO] [stdout]     |
[INFO] [stdout] 415 |         let tower = towers::Tower::new(Vector2::new(i+30.0,j-30.0));
[INFO] [stdout]     |                             ^^^^^ could not find `Tower` in `towers`
[INFO] [stdout] 
[INFO] [stdout] 
[INFO] [stdout] error[E0412]: cannot find type `TowerType` in module `towers`
[INFO] [stdout]   --> src/main.rs:93:48
[INFO] [stdout]    |
[INFO] [stdout] 93 |     fn tower_image(&mut self, towertype: &towers::TowerType) -> &mut graphics::Image {
[INFO] [stdout]    |                                                   ^^^^^^^^^ not found in `towers`
[INFO] [stdout] 
[INFO] [stdout] 
[INFO] [stdout] error[E0412]: cannot find type `Tower` in module `towers`
[INFO] [stdout]    --> src/main.rs:279:33
[INFO] [stdout]     |
[INFO] [stdout] 279 |     towers: Vec<Vec<Option<towers::Tower>>>,
[INFO] [stdout]     |                                    ^^^^^ not found in `towers`
[INFO] [stdout] 
[INFO] [stdout] 
[INFO] [stdout] error[E0412]: cannot find type `Tower` in module `towers`
[INFO] [stdout]    --> src/main.rs:309:43
[INFO] [stdout]     |
[INFO] [stdout] 309 |         let mut towers : Vec<Vec<Option<towers::Tower>>> = vec![];
[INFO] [stdout]     |                                                 ^^^^^ not found in `towers`
[INFO] [stdout] 
[INFO] [stdout] 
[INFO] [stdout] error[E0412]: cannot find type `Tower` in module `towers`
[INFO] [stdout]    --> src/main.rs:310:43
[INFO] [stdout]     |
[INFO] [stdout] 310 |         let mut sub_towers : Vec<Option<towers::Tower>> = vec![];
[INFO] [stdout]     |                                                 ^^^^^ not found in `towers`
[INFO] [stdout] 
[INFO] [stdout] 
[INFO] [stdout] error: aborting due to 7 previous errors
[INFO] [stdout] 
[INFO] [stdout] 
[INFO] [stdout] Some errors have detailed explanations: E0412, E0433, E0583.
[INFO] [stdout] 
[INFO] [stdout] For more information about an error, try `rustc --explain E0412`.
[INFO] [stdout] 
[INFO] [stderr] error: could not compile `td_rs`
[INFO] [stderr] 
[INFO] [stderr] To learn more, run the command again with --verbose.
[INFO] running `Command { std: "docker" "inspect" "8467d65e594f9c387b110aea38e0d004203714bd07308788893fe1ed718c4686", kill_on_drop: false }`
[INFO] running `Command { std: "docker" "rm" "-f" "8467d65e594f9c387b110aea38e0d004203714bd07308788893fe1ed718c4686", kill_on_drop: false }`
[INFO] [stdout] 8467d65e594f9c387b110aea38e0d004203714bd07308788893fe1ed718c4686
